-h**2 - 6*h + 6. Suppose -67 - 131 = -9*j. What is the remainder when j is divided by d(-6)?
4
Let x = -17 + 38. Calculate the remainder when 57 is divided by x.
15
Let w = 156 + -76. What is the remainder when w is divided by 27?
26
Let k = 58 + -43. What is the remainder when 39 is divided by k?
9
Suppose 0*c = 5*c. Suppose -4*j + c*j - 20 = 0. Let y = j - -12. Calculate the remainder when 12 is divided by y.
5
Let s(p) be the second derivative of p**3/6 + p**2 + 2*p. Calculate the remainder when 4 is divided by s(0).
0
Let d = 5 - 9. What is the remainder when (-62)/(-8) - (-2)/8 is divided by (2/4)/(d/(-24))?
2
Let y(o) = 30*o**3 - 5 - o**2 + 4 + 3*o**2. What is the remainder when 90 is divided by y(1)?
28
Let h(z) = z**2 + 6*z - 4. Let y be h(-5). Let v = -7 - y. Calculate the remainder when 5 is divided by v.
1
Let p = 16 - 7. Let z be 37/((-3)/p*-3). Let a = z - -3. What is the remainder when a is divided by 14?
12
Let t = 3 + -7. Let a be (-932)/(-8) + 2/t. Suppose -16 = 2*s - a. Calculate the remainder when s is divided by 17.
16
Suppose -2*t = 5*t - 1239. Calculate the remainder when t is divided by 45.
42
Let y(r) = -r**2 + r - 2. Suppose 0*v = v - 4*f - 8, -3*f = 3*v + 6. Let g be y(v). Let l = 18 - g. What is the remainder when l is divided by 7?
6
Suppose 4*k = 4, -2*q = -q + 3*k - 16. Suppose -52 = -s - 2*a - 21, 0 = -2*a + 6. Calculate the remainder when s is divided by q.
12
Suppose 5*y - 3*t = 178, -2*y + 6*t = t - 56. Suppose -4*p = -y - 10. What is the remainder when 22 is divided by p?
10
Let z be ((-10)/(-8))/(9/36). Suppose -12 = -3*y + o + 353, 2*y - z*o = 239. What is the remainder when y is divided by 31?
29
Suppose 4 = r - 0*r. Suppose s - 3 = 5. Let m = -5 + s. What is the remainder when r is divided by m?
1
Let f(x) = x**3 - x**2 + 1. Let z be f(2). Suppose z*a - 6 = 3*a. What is the remainder when a is divided by 1?
0
Let o = 4 + -2. Suppose 11 = o*y + 5. Suppose l = -4*j + 104, y*l - 7 - 5 = 0. What is the remainder when j is divided by 13?
12
Let i be 10/(-30)*(1 - 16). Suppose 4*l - i - 31 = 0. Calculate the remainder when 33 is divided by l.
6
Calculate the remainder when 262/12 - 5/(-30) is divided by 12.
10
Suppose 0 = 5*s - 15, -3*c - 5*s = -c - 37. Calculate the remainder when 20 is divided by c.
9
Suppose 23*a - 24*a = -16. What is the remainder when 47 is divided by a?
15
Let g = 49 - 46. Calculate the remainder when 22 is divided by g.
1
Suppose 0 = -5*o - 4*x + 32, -4*x + 9 + 3 = 0. Let s = 42 + -23. What is the remainder when 53 - 2*(-6)/o is divided by s?
18
Suppose 0 = -4*z + 95 + 17. Calculate the remainder when 111 is divided by z.
27
Let r(c) = -c**2 + 25*c - 81. Let a = 7 + 2. Calculate the remainder when r(19) is divided by a.
6
Let u(z) = z**3 + 18*z**2 - 9*z - 97. Let t = 4 + 11. Suppose 2*k - 19 = t. Calculate the remainder when u(-18) is divided by k.
14
Let b(v) = -v. Let h(x) = x + 6. Let w(d) = 2*b(d) + h(d). Let l be w(-9). Let p = 28 - l. Calculate the remainder when 49 is divided by p.
10
Suppose -2*a + 5 = -23. Suppose 3*v - 88 = -2*s, s - 3*v - 47 = -6*v. Calculate the remainder when s is divided by a.
13
Suppose 3*f - 3*r - 3 = 0, -2*f = -2*r - 2*r. Suppose -2*m - f*k = -20, -k + 5 = -2*m + 19. Calculate the remainder when 14 is divided by m.
6
Let m = 20 - 9. Suppose i - 5*c - 31 = 0, -2*c - 2*c - 32 = -2*i. What is the remainder when m is divided by i?
5
What is the remainder when (3 - 0) + 363/11 is divided by 19?
17
Suppose j - 20 = c + 25, 2*j = c + 87. What is the remainder when j is divided by 15?
12
Suppose -2*m - 20 = -4. Let k = 166 - m. Suppose 0 = 3*r - 0*r - k. Calculate the remainder when r is divided by 15.
13
Let n be -3*((-43)/(-3))/1. Suppose -171 = 3*c + 5*a, 2*a - 13 = c + 55. Let l = n - c. What is the remainder when l is divided by 7?
5
Let i(u) = 19*u**2 + u + 1. What is the remainder when 54 is divided by i(-1)?
16
Let w(m) = 1. Let q(t) = t**2 + 3*t + 1. Let z(g) = q(g) - w(g). What is the remainder when z(-6) is divided by 5?
3
Suppose -5*h - 2*u + 316 = 0, 2*u + 138 = 2*h - 3*u. Suppose x = -3*x + h. Calculate the remainder when 30 is divided by x.
14
Calculate the remainder when (-50)/(-20) + (-321)/(-6) is divided by 19.
18
Let v(s) = -s + 2. Suppose -4*o = -2*l - o + 3, 11 = 3*l + 2*o. Suppose -l = r - 22. Calculate the remainder when r is divided by v(-8).
9
Let h = -10 + 16. Suppose -h = b - 34. Calculate the remainder when 55 is divided by b.
27
Let t = -21 + 31. Let v(g) = g + 6. Suppose -2*r + 36 = 2*r. Calculate the remainder when v(t) is divided by r.
7
Let o = -29 + 53. Calculate the remainder when o is divided by 17.
7
What is the remainder when 80 is divided by ((-7)/(-1))/((-3)/(18/(-2)))?
17
Suppose 18*y = 14*y + 16. What is the remainder when 9 is divided by y?
1
Let c(n) = -21*n + 21*n + 4*n**3. Let z be c(1). Suppose i + 85 = 5*a, -z*a + 51 = -2*i - 11. Calculate the remainder when a is divided by 5.
3
What is the remainder when 46 is divided by ((-64)/10)/(14/(-35))?
14
Let x be 3/(4 - 1) - -37. What is the remainder when -4*2/((-16)/x) is divided by 10?
9
What is the remainder when 29 is divided by -3 + (0 - (0 + -11)) - -3?
7
Let j = -6 + 11. Let d = 16 - j. What is the remainder when 42 is divided by d?
9
Suppose x = -0*b - 2*b + 9, b + 4*x - 1 = 0. Let f be (-2)/(-6) - b/(-3). Suppose 0 = -d, -5*p + f*p + 18 = d. Calculate the remainder when 17 is divided by p.
5
Suppose -4*m = -27 + 7. Suppose 4*z + m*y = -24, 0 = -4*z - y - 2*y - 32. Let x = z + 18. What is the remainder when x is divided by 4?
3
Suppose 5*j + 5*l - 97 + 22 = 0, 3*l + 3 = 0. What is the remainder when 62 is divided by j?
14
Let z(o) = 17*o - 9. Calculate the remainder when z(4) is divided by 20.
19
What is the remainder when 0 + 11 - (-9)/3 is divided by 3?
2
Let x(o) = -3*o**3 - 4*o**2 - 3*o - 2. Let c = 23 - 9. Calculate the remainder when (-2)/7 + 494/c is divided by x(-2).
11
Let m = -13 - -6. What is the remainder when m/14 + 10/4 is divided by 1?
0
Suppose 2*k - 4*n = -k + 150, -5*k + 267 = -n. Suppose -3*p + 17 = -25. Calculate the remainder when k is divided by p.
12
Suppose -4*i + 4*g = -24, -5*g - 15 = 2*i - 4*i. Suppose k = b + 7, k - i*k = 5*b - 28. Calculate the remainder when 13 is divided by k.
6
Let p(g) = -g**2 - 5*g - 2. Let s be p(-7). Calculate the remainder when s/(-6) - (-4)/(-6) is divided by 2.
0
Suppose 22 = -s + 3*s. Let d = -43 + 31. Let m = d - -16. What is the remainder when s is divided by m?
3
Let j = -10 - -8. Let k be 2 - 0 - j - 0. Let u = k + -3. Calculate the remainder when u is divided by 1.
0
Suppose -105 = 5*q - 3*v + 55, -96 = 3*q + v. Calculate the remainder when 13 is divided by 6/(-4)*q/12.
1
Suppose -2*p + 34 = 4. What is the remainder when p is divided by 9?
6
Calculate the remainder when 75 is divided by 2/(-8) - 486/(-24).
15
Let g(x) = -x - 3. Let b be g(-2). Calculate the remainder when b - (18/(-1) - 0) is divided by 9.
8
Let f(a) = -3*a - 1. What is the remainder when 55 is divided by f(-5)?
13
Suppose a + 2*a = 48. What is the remainder when 286 is divided by a?
14
Suppose 5*x - 345 = 795. What is the remainder when x is divided by 23?
21
What is the remainder when 135 is divided by (-1)/(-2) - (546/4)/(-3)?
43
Suppose 0*h + 4*g = 4*h - 48, 3*h + 2*g = 36. Calculate the remainder when h is divided by 7.
5
Let o(u) = -6*u - 32. Let v(q) = q**3 + q**2 - 3*q + 3. Let m = 2 + 0. What is the remainder when o(-8) is divided by v(m)?
7
Let g(s) = s + 12. Let z be g(-9). Suppose d + 5*p - 10 = -29, 4*d - z*p = 39. Suppose -3*h + 8*h = 85. What is the remainder when h is divided by d?
5
Suppose -3*p + 22 = -3*y + 4, -2 = p - 3*y. Suppose 5*a = -5*h + 70, -2*a + 2*h - 47 = -5*a. What is the remainder when a is divided by p?
9
Let p = -197 + 290. Suppose -4*w + p - 17 = 0. Calculate the remainder when w is divided by (15/(-2))/(-3)*4.
9
Let y = 271 - 162. Suppose -2*h - h - 5*k + y = 0, 3*h - 113 = -k. Calculate the remainder when h is divided by 10.
8
Let a = -131 - -158. Let j(k) = k + 1. What is the remainder when a is divided by j(6)?
6
Suppose 118 = 6*w - 278. What is the remainder when w is divided by 34?
32
Suppose -2*p - 3*r = 47, -r + 1 = 2. Let n = p + 35. Let t = -25 + 62. What is the remainder when t is div